et n be 4/7 - g*(-28)/(-49). Let u(c) = c**2 - 15*c + 10. Give u(n).
-46
Let r(p) = -59*p**3 + 24*p**2 - p - 28. Let o(x) = -21*x**3 + 8*x**2 - 9. Let b(d) = -14*o(d) + 5*r(d). Give b(7).
0
Suppose 50 = -5*q - 3*b, 4*q + q = -5*b - 60. Let m(k) be the first derivative of k**3/3 + 9*k**2/2 - 7*k - 1332. Determine m(q).
-21
Let l(h) = 3*h + 5. Suppose -a - 2 = -29. Suppose c - a + 9 = 0. Suppose -14*f + c*f = -16. Calculate l(f).
-7
Suppose 2*l + 0 - 10 = 0. Suppose -4 = -l*m + 3*k, -5*k + 1 = -3*m - 3. Let g(p) = -3*p**2 + m*p + 3 - 5 + 6*p**2 + 4 - p**3. What is g(4)?
-6
Let p = 100 - 100. Let c(x) = -2*x - 2*x + p*x + 6*x + 6. Let a(i) = -5*i - 24. Let k be a(-6). Calculate c(k).
18
Let r(k) = -14*k**2 - 13*k - 5. Let w(v) = 8*v**2 + 7*v + 3. Let m(p) = 5*r(p) + 9*w(p). Determine m(1).
2
Let s = -869 - -872. Let k(u) = -3*u - 5. What is k(s)?
-14
Suppose 30*o + 590 - 176 + 666 = 0. Let m(t) = t**3 + 34*t**2 - 65*t + 259. Give m(o).
7
Let w(c) = -c**3 + 5*c**2 + c + 2. Let t(g) = g**3 + 4*g**2 - 351 + 356 - 21*g**2. Let n be t(17). Determine w(n).
7
Let k(f) = 2*f**2 + 13*f - 23. Let a be ((-8)/(-12))/2 - (-263)/3. Let x = -95 + a. Let m(g) = g**2 + 7*g - 12. Let z(r) = x*m(r) + 4*k(r). Calculate z(-6).
10
Suppose -321 = -5*x - 336. Let v(c) = 2*c**2 - 5*c + 3. Let f(y) = 4*y**2 - 9*y + 5. Suppose -10*b = -14*b - 24. Let r(w) = b*f(w) + 11*v(w). What is r(x)?
-12
Let w(h) = h**3 + 24*h**2 + 9*h + 7. Let l be w(-23). Suppose 0 = b - l + 323. Let x(n) = n**3 - 4*n**2 - 7*n - 2. What is x(b)?
28
Let w(b) = 165*b - 651. Let t be w(4). Let s(x) = x**3 - 8*x**2 - 5*x - 24. Determine s(t).
12
Suppose 3*c + 0*l - 2*l - 19 = 0, -2*c = l - 15. Let j(z) = 7 - 5 + 4*z + c - z - 5*z. Calculate j(0).
9
Let g(k) be the first derivative of -k**3/3 - k**2/2 + 39*k - 1773. Determine g(0).
39
Let q(k) be the first derivative of k**2 + 6*k + 53793. Let d be (-14)/4 - (-2)/4. Give q(d).
0
Suppose 2*g = -g + 27. Suppose 6*q + 30 = 3*x + 3*q, 3 = -3*q. Let a be (1 + -6)/(g/x). Let v(w) = -w**3 - 5*w**2 + 5. Calculate v(a).
5
Suppose -14*t + 75 = t. Let u be (t/15 + 0)/((-1)/(-12)). Let y(d) = d**2 - 5*d. Determine y(u).
-4
Let m(p) = 3*p - 19. Let a(y) = 3*y - 19. Let d(c) = 4*a(c) - 5*m(c). Suppose -46*g = -50*g + 4*k + 24, -9 = -2*g + 3*k. Give d(g).
-8
Suppose 5*x = 25 - 20. Suppose x = -4*r + 17. Suppose 3*i + 3*w = -21, -3*i + r*w - 6 = 8. Let c(q) = -q**2 - 9*q - 9. Calculate c(i).
9
Let o(y) be the first derivative of -y**3/3 + 2*y**2 + 69*y - 1369. Give o(11).
-8
Let a(d) = 4 + 2954*d**2 - d**3 - 2952*d**2 + d - 10. Determine a(3).
-12
Let v(m) = -2*m + 55. Let j be 7/(-21) - (-1001)/33. What is v(j)?
-5
Suppose 51 = 5*o + 2*n, -4*o = 2*n - 3*n - 46. Let l(i) = -6*i - 21 + 37 - i**2 - 9 - o. Determine l(-6).
-4
Let d(f) = -2*f + 7. Let s = 1078 - 873. Let y be 2/1 - s/41. What is d(y)?
13
Let m(y) = -40*y + 13*y - 2673584 + 2673559 - 2*y**2. Determine m(-13).
-12
Suppose -45 = -4*g + 7*v - 12*v, 1 = v. Let h(m) = 2*m - 10 - 5 + 0. What is h(g)?
5
Let l = -18249 + 18250. Let w(i) = -20*i**2 + 13*i - 15. Give w(l).
-22
Let y(r) = r + 1. Let m(w) = w**3 + 2*w**2 - 6*w + 9. Let f be m(3). Let u = 38 - f. Suppose 6*d = -u*d + 16. Calculate y(d).
3
Let u = -184 + 181. Let j be (88/33)/((-5)/u - 2). Let b(l) = 8*l - 50*l**2 + 3 - 51*l**2 + 102*l**2. Calculate b(j).
3
Let l = -98 + 43. Let r = 67 + l. Let q = r - 4. Let x(s) = 3*s + 3. Calculate x(q).
27
Let h(o) be the first derivative of 63 + 0*o - 21/4*o**4 + 1/2*o**2 + 2/3*o**3. Calculate h(-1).
22
Suppose b = 5*a + 26, 0 = b - a - 801 + 795. Let m(c) = c - 4. What is m(b)?
-3
Let j(q) be the third derivative of q**5/60 + 25*q**4/24 + 16*q**3/3 + 91*q**2 + 6*q. Give j(-22).
-34
Let n = -13 - -18. Let t(m) = -67 + 66 - 14*m + 13*m. What is t(n)?
-6
Let c(d) be the first derivative of -d**5/60 + 7*d**4/24 + 5*d**3/3 - 39*d**2/2 - 121. Let g(a) be the second derivative of c(a). Determine g(7).
10
Let b(f) = -3*f - 3. Suppose 2*x - n - 142 = 0, 8 = -x - 2*n + 79. Suppose -8*l + 7*l + 2*y - x = 0, 142 = -2*l + 5*y. Let r = 66 + l. Give b(r).
12
Let b(r) be the first derivative of -r**4/4 + r**3 - r**2/2 - 9*r - 757. Give b(6).
-123
Let m = 44 - 39. Let d(s) = m*s + 3*s - 1 - 8*s - s. Give d(-2).
1
Let c = 89 - 83. Suppose -c*h + 790 = -h. Let j(m) = -h + 158 - m**2 + m. What is j(-1)?
-2
Let n be (-1)/(-4 + (0 - 7/(-2))). Let c(l) be the first derivative of 8 - 10*l + 1/2*l**n. What is c(9)?
-1
Let f(w) = -56*w + 86*w - 243 - 8*w - 25*w - 60*w. Give f(-4).
9
Let i be ((-3)/2)/(3/(-6)). Suppose 2*y - i = -y. Let s(g) = 435 - 3*g**3 + 460 - 896 + 2*g. Calculate s(y).
-2
Let s(o) = -o**2 + 93*o + 804. Let r be s(101). Let n(m) = 26*m + 106. Calculate n(r).
2
Let a(h) be the first derivative of 3*h**4/4 - 4*h**3/3 - h**2 + 3*h + 1. Let k be ((-16)/180*15)/(4/(-9)). Determine a(k).
42
Let u(z) = -z**2 + z + 11. Let x be (1/2)/((-4)/(15 - 7)) + 1. What is u(x)?
11
Let z(a) be the third derivative of 1/8*a**4 + 7/3*a**3 + 0*a + a**2 - 37. What is z(-6)?
-4
Let m(v) = v**3 - 7*v**2 + 7*v. Let n(w) = w + 15. Let j be n(-9). Let c be m(j). Let z(r) = r + 0 - 4 - 9. Calculate z(c).
-7
Suppose -154 = -9*i + 26. Suppose -4*q + 9*q = i. Suppose -2*b - q*z = 18, -4*z - 18 = -5*b + 7. Let m(g) = 16*g - 1. Calculate m(b).
15
Let x(j) = -5 + 49*j - 12*j**2 + j**3 + 30*j - 91*j - 6. Calculate x(13).
2
Let h(k) = -5 + 2 + 4 - k + 4. Let j be ((-1)/3)/(5 - (-92)/(-18)). Suppose 0 = 4*l + j + 1, 3*d = 3*l + 15. What is h(d)?
1
Let i(l) be the first derivative of -l**3/3 + 17*l**2/2 - 26*l + 561. Give i(15).
4
Let p(n) = n + 3. Let u(r) = 4*r + 14. Let x = -47 - -48. Let h(w) = x*u(w) - 3*p(w). What is h(6)?
11
Let p(o) = o**2 - 3*o + 11. Let x be p(12). Let l = x - 117. Suppose -c = 0, 3*m - l*c + 27 = c. Let s(n) = -n - 6. Determine s(m).
3
Let o(l) be the first derivative of -l**4/4 - 4*l**3/3 + 9*l**2/2 - 13*l + 1133. Determine o(-6).
5
Let p = 6896 + -6897. Let l(i) = -6*i**3 - 2*i - 3. Give l(p).
5
Let z(q) = -q**2 + 17*q - 74. Suppose 3*u + t - 28 = 0, -16*u - 5*t = -17*u + 36. What is z(u)?
-8
Let w(x) be the third derivative of x**6/120 - 19*x**5/60 + 7*x**4/2 + x**3/6 + 37*x**2 - 8*x + 2. Determine w(12).
1
Let j = 108 + -108. Suppose -6*w - 3*w + j*w = 0. Let g(p) = -5 + w - p + 0 + 2. Determine g(0).
-3
Let h(g) be the second derivative of g**5/20 - g**4/2 + g**3/3 + 9355*g - 1. Let p(v) = -2*v - 2. Let o be p(-4). Give h(o).
12
Let a(d) = -14*d + 1. Suppose -6*f + 9 = -5*f. Suppose 4*r + f = -w - 6, -4*w = r. Determine a(w).
-13
Let m(x) = -3*x**3 + 15*x**2 + 4. Let y be m(5). Let o(z) = -z + 2 - y - 39*z**2 + 16*z**2 + 2*z + 22*z**2. Calculate o(0).
-2
Let k(r) = -22*r - 95. Let u be 28/7*-1 + (-18)/(-6) + -3. Give k(u).
-7
Let m(j) = 12*j**2 + 60*j - 5. Let p(b) = 6*b**2 + 36*b - 3. Let l(g) = 3*m(g) - 5*p(g). Suppose 0 = 5*f + 2*s + 8, s - 1 + 0 = 0. Determine l(f).
24
Let y be (-6)/2 - (-14 + 7). Suppose -8 = -2*g + y. Let k = g - 11. Let p(f) = -f + 4. Calculate p(k).
9
Let b(s) = s - 3 - 1 - 26 - 12*s + 11. Calculate b(5).
-74
Let b(o) be the second derivative of -o**5/20 + o**4/3 + 2*o**3/3 + o**2 - 17*o. Suppose 0*v + 5*v = 100. Suppose 15*z = 11*z + v. Give b(z).
-3
Let u(t) = -t**3 + 12*t**2 + 11*t + 16. Let b(a) = 2*a**3 - 10*a**2 - 30*a + 19. Let l be b(7). Suppose -l*x + 58 = -7. Determine u(x).
-10
Let d(q) = -36*q - 20. Let g(r) = 2*r - 1. Let w(y) = -d(y) - 16*g(y). Let c be w(-7). Let j(m) = -c*m + 1 - 4 + 4*m. What is j(-5)?
17
Let z = 55 - 52. Suppose -z = -6*y - 3. Let g(d) = 0*d**3 + 2 + d**3 - d**2 - 2*d**3 - d + 2. What is g(y)?
4
Let g(z) = 2650*z**3 - 4*z + 2*z**2 + 5*z - 2649*z**3 - 1. Let t(x) = -x**3 + 4*x**2 + 5*x + 11. Let d(b) = -2*g(b) - t(b). Calculate d(-7).
-9
Let p(l) be the first derivative of -2*l**2 - 35*l + 953. Calculate p(-9).
1
Let y(i) be the second derivative of i**5/20 + 11*i**4/12 + i**3/3 + 8*i**2 - 52*i. Determine y(-11).
-6
Let z be (-14)/(-126) + 310/45. Let u(l) be the second derivative of -l**4/12 + l**3/2 - 9*l**2/2 + 5*l - 2. Give u(z).
-37
Let z(n) = 74*n + 1. Let s(b) = -151*b - 26. Let w(v) = -s(v) - 2*z(v). Give w(-11).
-9
Let r(f) = -f**3 + 10*f**2 - 8*f - 9. Let g(c) = 3*c + 11. Let b be g(-4). Let s be b/(1*(-5)/130). Let q = 35 - s. What is r(q)?
0
Suppose a -